{"id":4030,"date":"2022-03-28T20:47:33","date_gmt":"2022-03-29T00:47:33","guid":{"rendered":"http:\/\/www.burnttoastvinyl.com\/blog\/?page_id=4030"},"modified":"2022-03-29T11:51:32","modified_gmt":"2022-03-29T15:51:32","slug":"btv127-ufo-over-lappland-spokraketer-lp-cd-cs","status":"publish","type":"page","link":"https:\/\/www.burnttoastvinyl.com\/blog\/?page_id=4030","title":{"rendered":"BTV127 UFO \u00d6ver Lappland : Sp\u00f6kraketer LP\/cd\/cs"},"content":{"rendered":"<table border=\"0\" width=\"540\" cellspacing=\"0\" cellpadding=\"5\">\n<tbody>\n<tr>\n<td valign=\"top\" width=\"39%\"><a href=\"http:\/\/www.burnttoastvinyl.com\/blog\/wp-content\/uploads\/2022\/03\/btv127_mockup_smaller-scaled.jpg\"><img loading=\"lazy\" decoding=\"async\" class=\"aligncenter wp-image-4021 size-medium\" src=\"http:\/\/www.burnttoastvinyl.com\/blog\/wp-content\/uploads\/2022\/03\/btv127_mockup_smaller-300x234.jpg\" alt=\"\" width=\"300\" height=\"234\" srcset=\"https:\/\/www.burnttoastvinyl.com\/blog\/wp-content\/uploads\/2022\/03\/btv127_mockup_smaller-300x234.jpg 300w, https:\/\/www.burnttoastvinyl.com\/blog\/wp-content\/uploads\/2022\/03\/btv127_mockup_smaller-1024x798.jpg 1024w, https:\/\/www.burnttoastvinyl.com\/blog\/wp-content\/uploads\/2022\/03\/btv127_mockup_smaller-768x599.jpg 768w, https:\/\/www.burnttoastvinyl.com\/blog\/wp-content\/uploads\/2022\/03\/btv127_mockup_smaller-1536x1198.jpg 1536w, https:\/\/www.burnttoastvinyl.com\/blog\/wp-content\/uploads\/2022\/03\/btv127_mockup_smaller-2048x1597.jpg 2048w, https:\/\/www.burnttoastvinyl.com\/blog\/wp-content\/uploads\/2022\/03\/btv127_mockup_smaller-795x620.jpg 795w, https:\/\/www.burnttoastvinyl.com\/blog\/wp-content\/uploads\/2022\/03\/btv127_mockup_smaller-1283x1000.jpg 1283w, https:\/\/www.burnttoastvinyl.com\/blog\/wp-content\/uploads\/2022\/03\/btv127_mockup_smaller-600x468.jpg 600w, https:\/\/www.burnttoastvinyl.com\/blog\/wp-content\/uploads\/2022\/03\/btv127_mockup_smaller-400x312.jpg 400w\" sizes=\"auto, (max-width: 300px) 100vw, 300px\" \/><\/a><\/td>\n<td class=\"smallclass\" align=\"left\" valign=\"top\" width=\"61%\">UFO \u00d6ver Lappland<br \/><em>Sp\u00f6kraketer<\/em> (btv127) cd\/cs\/LP<br \/><a href=\"https:\/\/btv.foxhole.info\/btvstore\/index.php?main_page=product_info&amp;cPath=38_40&amp;products_id=1102\">Buy cd Online<\/a> \/ <a href=\"https:\/\/btv.foxhole.info\/btvstore\/index.php?main_page=advanced_search_result&amp;keyword=btv127&amp;search_in_description=1&amp;categories_id=44\">Buy cs Online<\/a>\u00a0\/ <a href=\"https:\/\/btv.foxhole.info\/btvstore\/index.php?main_page=product_info&amp;cPath=38_39&amp;products_id=1101\">Buy LP Online<\/a><br \/>Track listing:<br \/><span style=\"text-decoration: underline;\">SIDE A<\/span>\n<p>\u00a0<\/p>\n<div class=\"page\" title=\"Page 1\">\n<div class=\"layoutArea\">\n<div class=\"column\">\n<p>1. I&#8217;m Rolling Like Thunder, I&#8217;m Something You Don&#8217;t Understand! (8:46)<br \/>2. Seventh Sun of Orion (10:21)<\/p>\n<\/div>\n<\/div>\n<\/div>\n<p><span style=\"text-decoration: underline;\">SIDE B<\/span><\/p>\n<div class=\"page\" title=\"Page 1\">\n<div class=\"layoutArea\">\n<div class=\"column\">\n<p>1. Bla\u030a Va\u0308gen (8:13) <br \/>2. Fire of &#8217;94 (9:55)<\/p>\n<\/div>\n<\/div>\n<\/div>\n<\/td>\n<\/tr>\n<tr>\n<td colspan=\"2\" valign=\"top\">\u00a0<\/td>\n<\/tr>\n<\/tbody>\n<\/table>\n\n\n<p><strong>UFO \u00d6ver Lappland<\/strong>&#8216;s new album Sp\u00f6kraketer will be release on 29 April 2022 and is now available for pre-order. The vinyl edition is pressed on transparent green smoke vinyl.<\/p>\n\n\n\n<p><\/p>\n\n\n\n<p><\/p>\n\n\n\n<p><strong>UFO \u00d6ver Lappland <\/strong>from Ume\u00e5 in the northern part of Sweden (also home to Cult of Luna, The Spacious Mind, and Refused) are an instrumental kraut-rock band in the vein of Neu!, Amon D\u00fc\u00fcl II, or early Kraftwerk, but with psychedelic overtones and some post-rock sensibilities.<\/p>\n\n\n\n<p><strong><em>Sp\u00f6kraketer <\/em><\/strong>is the follow up album to their self-titled debut that was re-issued in 2021 by Burnt Toast Vinyl. When <strong>UFO \u00d6ver Lappland <\/strong>entered Parasit Studio (Gryssj\u00f6n, Sweden) for their next recordings, the band had much more of a clear path to follow beyond the improvised jam sessions of their debut. This time the songs were written and arranged, but still not set in stone. During the recording process, <strong>UFO \u00d6ver Lappland <\/strong>took those base ideas, but added new sounds and experimented with spontaneous ideas during the recording sessions. The results are tighter and more focused, but the recordings are played live in the studio, maintaining a fluidity.<\/p>\n\n\n\n<p>As with everyone else in the music industry, <strong>UFO \u00d6ver Lappland <\/strong>have been affected by the pandemic, and pulling this record together has taken time with long production queues, but both Burnt Toast Vinyl and the band are very happy to release <strong><em>Sp\u00f6kraketer <\/em><\/strong>and share these tracks with all of you!<\/p>\n\n\n\n<p>The title <strong><em>Sp\u00f6kraketer <\/em><\/strong>(Ghost rockets) refers to unknown flying objects observed in various sightings in northern Sweden during the 1940s. A full explanation to these observations has never been given, but declassified US Air Force documentation quotes the Swedish Air Intelligence Service that \u201cthese phenomena are obviously the result of a high technical skill which cannot be credited to any presently known culture on earth.\u201d <strong>UFO \u00d6ver Lappland<\/strong>, indeed!<\/p>\n\n\n\n<p><strong>Thomas Christensen <\/strong>is a photographer living in Greenland and <strong>UFO \u00d6ver Lappland <\/strong>collaborated with him for appropriate photos of the Aurora Borealis to use for the album artwork.<\/p>\n\n\n\n<p><strong>Frederik Lyxz\u00e9n <\/strong>from Parasit Studio mixed the album. The audio was mastered by Grammy winning engineer <strong>Stephen Roessner <\/strong>(Calibrated Sound, Saxon Shore) and was cut to lacquers by <strong>Bob Weston <\/strong>at his Chicago Mastering Service. The LPs are pressed on high quality green\/ smoke swirled vinyl from <strong>Gotta Groove <\/strong>in Cleveland.<\/p>\n\n\n\n<p><strong>UFO \u00d6ver Lappland<\/strong> started playing in early 2013. Three of the members were already playing together as <strong>The Magic Lantern<\/strong>, an improvisational experimental post-rock band that had started in the mid 2000s. (<strong>The Magic Lantern <\/strong>has an ep released on Burnt Toast Vinyl.) The band felt like they wanted to move towards more space-rock\/kraut and focus more on playing live than just creating in the rehearsal place and gradually became <strong>UFO \u00d6ver Lappland<\/strong>. They recorded some songs, created more, played live, recorded more songs, and started planning for a physical release. In 2016, Fluere Tapes (Stocklholm) released the album as a limited edition cassette release. One of those tapes made it all the way to the Sulatron Records office in Germany and they wanted to release the songs on LP and CD. So, in 2018, the UFO debut record was released on Sulatron. <strong>UFO \u00d6ver Lappland<\/strong> received some European media attention from psych and kraut focused media as a result of the release and the band has played live in Ume\u00e5 with touring bands, as well as other venues in Sweden with a planned German tour interrupted by the pandemic. The debut vinyl pressing sold out and was re-mastered\/re-issued in 2021 by Burnt Toast Vinyl.<\/p>\n\n\n\n<p><strong><em>UFO \u00d6ver Lappland <\/em><\/strong>press:<br><em>\u201c..As debut albums go, it\u2019s one of the finest in the genre that I\u2019ve heard, highly recommended.&#8221;<\/em> \u2013 The Terrascope (from the founders of Ptolemaic Terrascope and Terrastock)<\/p>\n\n\n\n<p><em>\u201cTerrific spacerock jams set to Krautrockish motorik rhythms.\u201d <\/em>\u2013 Psychedelic Waves<\/p>\n\n\n\n<p><em>\u201cThese are hypnotic tracks that extend what Harmonia and Neu! were exploring in the 70s to what Camera is doing today and beyond. Hypnotic tracks, spacey sounds, trancey basslines, and repetitive guitar riffs take us from hovering UFOs over the frozen tundra to the deepest depths of space ala Pink Floyd\u2019s \u2018A Saucerful of Secrets.\u2019\u201d <\/em>\u2013 Henry Schneider, Expos\u00e9 Online<\/p>\n\n\n\n<p>\u201cPsyche, Space and Kraut from Swedish Lapland, who create their very own cosmos, which lives primarily from hypnotic repetitions. UFO \u00d6VER LAPPLAND set out for a psychedelic Krautrock landing\u201d \u2013 Thoralf Ko\u00df, Musikreviews.de<\/p>\n\n\n\n<p><em>&#8220;The music is incredible!&#8221; <\/em>\u2013 Bob Weston, Shellac, Chicago Mastering Service <\/p>\n\n\n\n<p><em>\u201cPrimo motorik Swedish fuzz\u201d <\/em>\u2013 Lars Gotrich, NPR Music\/Viking\u2019s Choice<\/p>\n","protected":false},"excerpt":{"rendered":"<p>UFO \u00d6ver LapplandSp\u00f6kraketer (btv127) cd\/cs\/LPBuy cd Online \/ Buy cs Online\u00a0\/ Buy LP OnlineTrack listing:SIDE A \u00a0 1. I&#8217;m Rolling Like Thunder, I&#8217;m Something You Don&#8217;t Understand! (8:46)2. Seventh Sun of Orion (10:21) SIDE B 1. Bla\u030a Va\u0308gen (8:13) 2. Fire of &#8217;94 (9:55) \u00a0 UFO \u00d6ver Lappland&#8216;s new album Sp\u00f6kraketer will be release on 29 April 2022 and is now available for pre-order. The vinyl edition is pressed on transparent green smoke vinyl. UFO \u00d6ver Lappland from Ume\u00e5 in the northern part of Sweden (also home to Cult of Luna, The Spacious Mind, and Refused) are an instrumental kraut-rock band in the vein of Neu!, Amon D\u00fc\u00fcl II, or early Kraftwerk, but with psychedelic overtones and some post-rock sensibilities. Sp\u00f6kraketer is the follow up album to their self-titled debut that was re-issued in 2021 by Burnt Toast Vinyl. When UFO \u00d6ver Lappland entered Parasit Studio (Gryssj\u00f6n, Sweden) for their next recordings, the band had much more of a clear path to follow beyond the improvised jam sessions of their debut. This time the songs were written and arranged, but still not set in stone. During the recording process, UFO \u00d6ver Lappland took those base ideas, but added new sounds&hellip;<a href=\"https:\/\/www.burnttoastvinyl.com\/blog\/?page_id=4030\" class=\"more-link\"><span class=\"more-button\">Continue reading<span class=\"screen-reader-text\">BTV127 UFO \u00d6ver Lappland : Sp\u00f6kraketer LP\/cd\/cs<\/span><\/span><\/a><\/p>\n","protected":false},"author":2,"featured_media":0,"parent":4014,"menu_order":0,"comment_status":"closed","ping_status":"closed","template":"","meta":{"footnotes":""},"class_list":["post-4030","page","type-page","status-publish","hentry"],"_links":{"self":[{"href":"https:\/\/www.burnttoastvinyl.com\/blog\/index.php?rest_route=\/wp\/v2\/pages\/4030","targetHints":{"allow":["GET"]}}],"collection":[{"href":"https:\/\/www.burnttoastvinyl.com\/blog\/index.php?rest_route=\/wp\/v2\/pages"}],"about":[{"href":"https:\/\/www.burnttoastvinyl.com\/blog\/index.php?rest_route=\/wp\/v2\/types\/page"}],"author":[{"embeddable":true,"href":"https:\/\/www.burnttoastvinyl.com\/blog\/index.php?rest_route=\/wp\/v2\/users\/2"}],"replies":[{"embeddable":true,"href":"https:\/\/www.burnttoastvinyl.com\/blog\/index.php?rest_route=%2Fwp%2Fv2%2Fcomments&post=4030"}],"version-history":[{"count":6,"href":"https:\/\/www.burnttoastvinyl.com\/blog\/index.php?rest_route=\/wp\/v2\/pages\/4030\/revisions"}],"predecessor-version":[{"id":4047,"href":"https:\/\/www.burnttoastvinyl.com\/blog\/index.php?rest_route=\/wp\/v2\/pages\/4030\/revisions\/4047"}],"up":[{"embeddable":true,"href":"https:\/\/www.burnttoastvinyl.com\/blog\/index.php?rest_route=\/wp\/v2\/pages\/4014"}],"wp:attachment":[{"href":"https:\/\/www.burnttoastvinyl.com\/blog\/index.php?rest_route=%2Fwp%2Fv2%2Fmedia&parent=4030"}],"curies":[{"name":"wp","href":"https:\/\/api.w.org\/{rel}","templated":true}]}}